{"id":2270,"date":"2026-01-14T14:17:37","date_gmt":"2026-01-14T13:17:37","guid":{"rendered":"https:\/\/new.mnk.pl\/wystawy\/jozef-czapski\/"},"modified":"2026-08-20T14:27:11","modified_gmt":"2026-08-20T12:27:11","slug":"jozef-czapski","status":"publish","type":"wystawy","link":"https:\/\/mnk.pl\/en\/wystawy\/jozef-czapski\/","title":{"rendered":"J\u00f3zef Czapski"},"content":{"rendered":"\n<p class=\"wp-block-paragraph\">The biographical exhibition devoted to J\u00f3zef Czapski (1896\u20131993) is a permanent part of the gallery of the J\u00f3zef Czapski Pavilion, located in the garden of MNK branch &#8211; The Czapski.&nbsp;<\/p>\n\n\n\n<p class=\"wp-block-paragraph\">J\u00f3zef Czapski was a painter, writer and art theorist, grandson of Emeryk Hutten-Czapski of the Leliwa coat of arms, and a great benefactor of the National Museum in Krakow. Czapski studied in St. Petersburg, Warsaw and Paris. Mobilized in 1939, he was captured by the USSR, then joined the Polish Armed Forces (Anders&#8217; Army), with which he travelled through the Middle East and Italy. After the war, he settled in Maisons-Laffitte near Paris, where he lived and worked until the end of his life, deprived of the possibility of returning to Poland for almost 40 years. He was a co-founder of Kultura [&#8216;Culture&#8217;] and Polski Instytut Literacki [Literary Institute Association], which determined the censorship that limited the publication of his work in the PRL [Polish People&#8217;s Republic].&nbsp;<\/p>\n\n\n\n<p class=\"wp-block-paragraph\">The exhibition in J\u00f3zef Czapski&#8217;s pavilion presents the history of his life in the context of war and emigration experiences. Multimedia stations were used to present the works and the archive of photographs and documents. Part of the exhibition is the reconstructed room of the painter from the house of the Literary Institute in Maisons-Laffitte, moved and mapped on a 1:1 scale.&nbsp;<\/p>\n\n\n\n<p class=\"wp-block-paragraph\">The authors of the exhibition&#8217;s script are Krystyna Zachwatowicz and her husband, Andrzej Wajda \u2013 friends of the artist and guardians of the collection of memorabilia related to J\u00f3zef Czapski in the MNK collections.<\/p>\n\n\n\n<div style=\"height:100px\" aria-hidden=\"true\" class=\"wp-block-spacer\"><\/div>\n\n\n\n<div class=\"wp-block-mnk-gallery-block gallery-block size-medium expandable-gallery\"><h2>Exhibition space<\/h2><div class=\"gallery-wrap\"><div class=\"gallery-wrap-inner\"><div class=\"grid gallery-sec\"><div class=\"grid-sizer\"><\/div><div class=\"gutter-sizer\"><\/div><div class=\"grid-item\"><div class=\"mansory-grid-card\"><a href=\"https:\/\/mnk.pl\/wp-content\/uploads\/2026\/01\/pjc-przestrzen-wystawy-01_original.jpg\" data-fancybox=\"gallery-bf3b8fec-0d8c-4121-a9d7-7f2007c4474b\" data-caption=\"Phot.  M. \u017bak \" aria-label=\"Otw\u00f3rz zdj\u0119cie: Phot.  M. \u017bak \"><img decoding=\"async\" src=\"https:\/\/mnk.pl\/wp-content\/uploads\/2026\/01\/pjc-przestrzen-wystawy-01_original.jpg\" alt=\"Phot.  M. \u017bak \"\/><\/a><\/div><\/div><div class=\"grid-item\"><div class=\"mansory-grid-card\"><a href=\"https:\/\/mnk.pl\/wp-content\/uploads\/2026\/01\/pjc-przestrzen-wystawy-03_original.jpg\" data-fancybox=\"gallery-bf3b8fec-0d8c-4121-a9d7-7f2007c4474b\" data-caption=\"Phot.  M. \u017bak \" aria-label=\"Otw\u00f3rz zdj\u0119cie: Phot.  M. \u017bak \"><img decoding=\"async\" src=\"https:\/\/mnk.pl\/wp-content\/uploads\/2026\/01\/pjc-przestrzen-wystawy-03_original.jpg\" alt=\"Phot.  M. \u017bak \"\/><\/a><\/div><\/div><div class=\"grid-item\"><div class=\"mansory-grid-card\"><a href=\"https:\/\/mnk.pl\/wp-content\/uploads\/2026\/01\/pjc-przestrzen-wystawy-04_original.jpg\" data-fancybox=\"gallery-bf3b8fec-0d8c-4121-a9d7-7f2007c4474b\" data-caption=\"Phot.  M. \u017bak \" aria-label=\"Otw\u00f3rz zdj\u0119cie: Phot.  M. \u017bak \"><img decoding=\"async\" src=\"https:\/\/mnk.pl\/wp-content\/uploads\/2026\/01\/pjc-przestrzen-wystawy-04_original.jpg\" alt=\"Phot.  M. \u017bak \"\/><\/a><\/div><\/div><div class=\"grid-item\"><div class=\"mansory-grid-card\"><a href=\"https:\/\/mnk.pl\/wp-content\/uploads\/2026\/01\/pjc-przestrzen-wystawy-06_original.jpg\" data-fancybox=\"gallery-bf3b8fec-0d8c-4121-a9d7-7f2007c4474b\" data-caption=\"Phot.  M. \u017bak \" aria-label=\"Otw\u00f3rz zdj\u0119cie: Phot.  M. \u017bak \"><img decoding=\"async\" src=\"https:\/\/mnk.pl\/wp-content\/uploads\/2026\/01\/pjc-przestrzen-wystawy-06_original.jpg\" alt=\"Phot.  M. \u017bak \"\/><\/a><\/div><\/div><div class=\"grid-item\"><div class=\"mansory-grid-card\"><a href=\"https:\/\/mnk.pl\/wp-content\/uploads\/2026\/01\/pjc-przestrzen-wystawy-02_original.jpg\" data-fancybox=\"gallery-bf3b8fec-0d8c-4121-a9d7-7f2007c4474b\" data-caption=\"Phot.  M. \u017bak \" aria-label=\"Otw\u00f3rz zdj\u0119cie: Phot.  M. \u017bak \"><img decoding=\"async\" src=\"https:\/\/mnk.pl\/wp-content\/uploads\/2026\/01\/pjc-przestrzen-wystawy-02_original.jpg\" alt=\"Phot.  M. \u017bak \"\/><\/a><\/div><\/div><div class=\"grid-item\"><div class=\"mansory-grid-card\"><a href=\"https:\/\/mnk.pl\/wp-content\/uploads\/2026\/01\/pjc-przestrzen-wystawy-10_original.jpg\" data-fancybox=\"gallery-bf3b8fec-0d8c-4121-a9d7-7f2007c4474b\" data-caption=\"Phot.  M. \u017bak \" aria-label=\"Otw\u00f3rz zdj\u0119cie: Phot.  M. \u017bak \"><img decoding=\"async\" src=\"https:\/\/mnk.pl\/wp-content\/uploads\/2026\/01\/pjc-przestrzen-wystawy-10_original.jpg\" alt=\"Phot.  M. \u017bak \"\/><\/a><\/div><\/div><div class=\"grid-item\"><div class=\"mansory-grid-card\"><a href=\"https:\/\/mnk.pl\/wp-content\/uploads\/2026\/01\/pjc-przestrzen-wystawy-09_original.jpg\" data-fancybox=\"gallery-bf3b8fec-0d8c-4121-a9d7-7f2007c4474b\" data-caption=\"Phot.  M. \u017bak \" aria-label=\"Otw\u00f3rz zdj\u0119cie: Phot.  M. \u017bak \"><img decoding=\"async\" src=\"https:\/\/mnk.pl\/wp-content\/uploads\/2026\/01\/pjc-przestrzen-wystawy-09_original.jpg\" alt=\"Phot.  M. \u017bak \"\/><\/a><\/div><\/div><div class=\"grid-item\"><div class=\"mansory-grid-card\"><a href=\"https:\/\/mnk.pl\/wp-content\/uploads\/2026\/01\/pjc-przestrzen-wystawy-08_original.jpg\" data-fancybox=\"gallery-bf3b8fec-0d8c-4121-a9d7-7f2007c4474b\" data-caption=\"Phot.  M. \u017bak \" aria-label=\"Otw\u00f3rz zdj\u0119cie: Phot.  M. \u017bak \"><img decoding=\"async\" src=\"https:\/\/mnk.pl\/wp-content\/uploads\/2026\/01\/pjc-przestrzen-wystawy-08_original.jpg\" alt=\"Phot.  M. \u017bak \"\/><\/a><\/div><\/div><div class=\"grid-item\"><div class=\"mansory-grid-card\"><a href=\"https:\/\/mnk.pl\/wp-content\/uploads\/2026\/01\/pjc-przestrzen-wystawy-05_original.jpg\" data-fancybox=\"gallery-bf3b8fec-0d8c-4121-a9d7-7f2007c4474b\" data-caption=\"Phot.  M. \u017bak \" aria-label=\"Otw\u00f3rz zdj\u0119cie: Phot.  M. \u017bak \"><img decoding=\"async\" src=\"https:\/\/mnk.pl\/wp-content\/uploads\/2026\/01\/pjc-przestrzen-wystawy-05_original.jpg\" alt=\"Phot.  M. \u017bak \"\/><\/a><\/div><\/div><div class=\"grid-item\"><div class=\"mansory-grid-card\"><a href=\"https:\/\/mnk.pl\/wp-content\/uploads\/2026\/01\/pjc-przestrzen-wystawy-07_original.jpg\" data-fancybox=\"gallery-bf3b8fec-0d8c-4121-a9d7-7f2007c4474b\" data-caption=\"Phot.  M. \u017bak \" aria-label=\"Otw\u00f3rz zdj\u0119cie: Phot.  M. \u017bak \"><img decoding=\"async\" src=\"https:\/\/mnk.pl\/wp-content\/uploads\/2026\/01\/pjc-przestrzen-wystawy-07_original.jpg\" alt=\"Phot.  M. \u017bak \"\/><\/a><\/div><\/div><\/div><\/div><div class=\"btn-sec d-flex justify-content-center\"><button type=\"button\" class=\"btn btn-transparent gallery-toggle-btn\">Poka\u017c wi\u0119cej zdj\u0119\u0107<svg class=\"icon\" aria-hidden=\"true\"><use href=\"#arrow-down\"><\/use><\/svg><\/button><\/div><\/div><\/div>\n\n\n\n<div style=\"height:50px\" aria-hidden=\"true\" class=\"wp-block-spacer\"><\/div>\n\n\n\n<h2 class=\"wp-block-heading\">Video<\/h2>\n\n\n\n<figure class=\"wp-block-embed is-type-video is-provider-youtube wp-block-embed-youtube wp-embed-aspect-16-9 wp-has-aspect-ratio\"><div class=\"wp-block-embed__wrapper\">\n<iframe loading=\"lazy\" title=\"Otwarcie Pawilonu J\u00f3zefa Czapskiego - spot\" width=\"500\" height=\"281\" src=\"https:\/\/www.youtube.com\/embed\/YsVADODFUnU?feature=oembed\" frameborder=\"0\" allow=\"accelerometer; autoplay; clipboard-write; encrypted-media; gyroscope; picture-in-picture; web-share\" referrerpolicy=\"strict-origin-when-cross-origin\" allowfullscreen><\/iframe>\n<\/div><\/figure>\n","protected":false},"excerpt":{"rendered":"<p>The biographical exhibition devoted to J\u00f3zef Czapski (1896\u20131993) is a permanent part of the gallery of the J\u00f3zef Czapski Pavilion, located in the garden of MNK branch &#8211; The Czapski.&nbsp; J\u00f3zef Czapski was a painter, writer and art theorist, grandson of Emeryk Hutten-Czapski of the Leliwa coat of arms, and a great benefactor of the [&hellip;]<\/p>\n","protected":false},"author":5,"featured_media":3118,"template":"","wystawy_categories":[166],"class_list":["post-2270","wystawy","type-wystawy","status-publish","has-post-thumbnail","hentry","wystawy_categories-permanent-exhibition"],"acf":[],"_links":{"self":[{"href":"https:\/\/mnk.pl\/en\/wp-json\/wp\/v2\/wystawy\/2270","targetHints":{"allow":["GET"]}}],"collection":[{"href":"https:\/\/mnk.pl\/en\/wp-json\/wp\/v2\/wystawy"}],"about":[{"href":"https:\/\/mnk.pl\/en\/wp-json\/wp\/v2\/types\/wystawy"}],"author":[{"embeddable":true,"href":"https:\/\/mnk.pl\/en\/wp-json\/wp\/v2\/users\/5"}],"version-history":[{"count":3,"href":"https:\/\/mnk.pl\/en\/wp-json\/wp\/v2\/wystawy\/2270\/revisions"}],"predecessor-version":[{"id":42037,"href":"https:\/\/mnk.pl\/en\/wp-json\/wp\/v2\/wystawy\/2270\/revisions\/42037"}],"wp:featuredmedia":[{"embeddable":true,"href":"https:\/\/mnk.pl\/en\/wp-json\/wp\/v2\/media\/3118"}],"wp:attachment":[{"href":"https:\/\/mnk.pl\/en\/wp-json\/wp\/v2\/media?parent=2270"}],"wp:term":[{"taxonomy":"wystawy_categories","embeddable":true,"href":"https:\/\/mnk.pl\/en\/wp-json\/wp\/v2\/wystawy_categories?post=2270"}],"curies":[{"name":"wp","href":"https:\/\/api.w.org\/{rel}","templated":true}]}}

Józef Czapski

<p class="wp-block-paragraph">The biographical exhibition devoted to Józef Czapski (1896–1993) is a permanent part of the gallery of the Józef Czapski Pavilion, located in the garden of MNK branch &#8211; The Czapski.&nbsp;</p>



<p class="wp-block-paragraph">Józef Czapski was a painter, writer and art theorist, grandson of Emeryk Hutten-Czapski of the Leliwa coat of arms, and a great benefactor of the National Museum in Krakow. Czapski studied in St. Petersburg, Warsaw and Paris. Mobilized in 1939, he was captured by the USSR, then joined the Polish Armed Forces (Anders&#8217; Army), with which he travelled through the Middle East and Italy. After the war, he settled in Maisons-Laffitte near Paris, where he lived and worked until the end of his life, deprived of the possibility of returning to Poland for almost 40 years. He was a co-founder of Kultura [&#8216;Culture&#8217;] and Polski Instytut Literacki [Literary Institute Association], which determined the censorship that limited the publication of his work in the PRL [Polish People&#8217;s Republic].&nbsp;</p>



<p class="wp-block-paragraph">The exhibition in Józef Czapski&#8217;s pavilion presents the history of his life in the context of war and emigration experiences. Multimedia stations were used to present the works and the archive of photographs and documents. Part of the exhibition is the reconstructed room of the painter from the house of the Literary Institute in Maisons-Laffitte, moved and mapped on a 1:1 scale.&nbsp;</p>



<p class="wp-block-paragraph">The authors of the exhibition&#8217;s script are Krystyna Zachwatowicz and her husband, Andrzej Wajda – friends of the artist and guardians of the collection of memorabilia related to Józef Czapski in the MNK collections.</p>



<div style="height:100px" aria-hidden="true" class="wp-block-spacer"></div>



<div class="wp-block-mnk-gallery-block gallery-block size-medium expandable-gallery"><h2>Exhibition space</h2><div class="gallery-wrap"><div class="gallery-wrap-inner"><div class="grid gallery-sec"><div class="grid-sizer"></div><div class="gutter-sizer"></div><div class="grid-item"><div class="mansory-grid-card"><a href="https://mnk.pl/wp-content/uploads/2026/01/pjc-przestrzen-wystawy-01_original.jpg" data-fancybox="gallery-bf3b8fec-0d8c-4121-a9d7-7f2007c4474b" data-caption="Phot.  M. Żak " aria-label="Otwórz zdjęcie: Phot.  M. Żak "><img decoding="async" src="https://mnk.pl/wp-content/uploads/2026/01/pjc-przestrzen-wystawy-01_original.jpg" alt="Phot.  M. Żak "/></a></div></div><div class="grid-item"><div class="mansory-grid-card"><a href="https://mnk.pl/wp-content/uploads/2026/01/pjc-przestrzen-wystawy-03_original.jpg" data-fancybox="gallery-bf3b8fec-0d8c-4121-a9d7-7f2007c4474b" data-caption="Phot.  M. Żak " aria-label="Otwórz zdjęcie: Phot.  M. Żak "><img decoding="async" src="https://mnk.pl/wp-content/uploads/2026/01/pjc-przestrzen-wystawy-03_original.jpg" alt="Phot.  M. Żak "/></a></div></div><div class="grid-item"><div class="mansory-grid-card"><a href="https://mnk.pl/wp-content/uploads/2026/01/pjc-przestrzen-wystawy-04_original.jpg" data-fancybox="gallery-bf3b8fec-0d8c-4121-a9d7-7f2007c4474b" data-caption="Phot.  M. Żak " aria-label="Otwórz zdjęcie: Phot.  M. Żak "><img decoding="async" src="https://mnk.pl/wp-content/uploads/2026/01/pjc-przestrzen-wystawy-04_original.jpg" alt="Phot.  M. Żak "/></a></div></div><div class="grid-item"><div class="mansory-grid-card"><a href="https://mnk.pl/wp-content/uploads/2026/01/pjc-przestrzen-wystawy-06_original.jpg" data-fancybox="gallery-bf3b8fec-0d8c-4121-a9d7-7f2007c4474b" data-caption="Phot.  M. Żak " aria-label="Otwórz zdjęcie: Phot.  M. Żak "><img decoding="async" src="https://mnk.pl/wp-content/uploads/2026/01/pjc-przestrzen-wystawy-06_original.jpg" alt="Phot.  M. Żak "/></a></div></div><div class="grid-item"><div class="mansory-grid-card"><a href="https://mnk.pl/wp-content/uploads/2026/01/pjc-przestrzen-wystawy-02_original.jpg" data-fancybox="gallery-bf3b8fec-0d8c-4121-a9d7-7f2007c4474b" data-caption="Phot.  M. Żak " aria-label="Otwórz zdjęcie: Phot.  M. Żak "><img decoding="async" src="https://mnk.pl/wp-content/uploads/2026/01/pjc-przestrzen-wystawy-02_original.jpg" alt="Phot.  M. Żak "/></a></div></div><div class="grid-item"><div class="mansory-grid-card"><a href="https://mnk.pl/wp-content/uploads/2026/01/pjc-przestrzen-wystawy-10_original.jpg" data-fancybox="gallery-bf3b8fec-0d8c-4121-a9d7-7f2007c4474b" data-caption="Phot.  M. Żak " aria-label="Otwórz zdjęcie: Phot.  M. Żak "><img decoding="async" src="https://mnk.pl/wp-content/uploads/2026/01/pjc-przestrzen-wystawy-10_original.jpg" alt="Phot.  M. Żak "/></a></div></div><div class="grid-item"><div class="mansory-grid-card"><a href="https://mnk.pl/wp-content/uploads/2026/01/pjc-przestrzen-wystawy-09_original.jpg" data-fancybox="gallery-bf3b8fec-0d8c-4121-a9d7-7f2007c4474b" data-caption="Phot.  M. Żak " aria-label="Otwórz zdjęcie: Phot.  M. Żak "><img decoding="async" src="https://mnk.pl/wp-content/uploads/2026/01/pjc-przestrzen-wystawy-09_original.jpg" alt="Phot.  M. Żak "/></a></div></div><div class="grid-item"><div class="mansory-grid-card"><a href="https://mnk.pl/wp-content/uploads/2026/01/pjc-przestrzen-wystawy-08_original.jpg" data-fancybox="gallery-bf3b8fec-0d8c-4121-a9d7-7f2007c4474b" data-caption="Phot.  M. Żak " aria-label="Otwórz zdjęcie: Phot.  M. Żak "><img decoding="async" src="https://mnk.pl/wp-content/uploads/2026/01/pjc-przestrzen-wystawy-08_original.jpg" alt="Phot.  M. Żak "/></a></div></div><div class="grid-item"><div class="mansory-grid-card"><a href="https://mnk.pl/wp-content/uploads/2026/01/pjc-przestrzen-wystawy-05_original.jpg" data-fancybox="gallery-bf3b8fec-0d8c-4121-a9d7-7f2007c4474b" data-caption="Phot.  M. Żak " aria-label="Otwórz zdjęcie: Phot.  M. Żak "><img decoding="async" src="https://mnk.pl/wp-content/uploads/2026/01/pjc-przestrzen-wystawy-05_original.jpg" alt="Phot.  M. Żak "/></a></div></div><div class="grid-item"><div class="mansory-grid-card"><a href="https://mnk.pl/wp-content/uploads/2026/01/pjc-przestrzen-wystawy-07_original.jpg" data-fancybox="gallery-bf3b8fec-0d8c-4121-a9d7-7f2007c4474b" data-caption="Phot.  M. Żak " aria-label="Otwórz zdjęcie: Phot.  M. Żak "><img decoding="async" src="https://mnk.pl/wp-content/uploads/2026/01/pjc-przestrzen-wystawy-07_original.jpg" alt="Phot.  M. Żak "/></a></div></div></div></div><div class="btn-sec d-flex justify-content-center"><button type="button" class="btn btn-transparent gallery-toggle-btn">Pokaż więcej zdjęć<svg class="icon" aria-hidden="true"><use href="#arrow-down"></use></svg></button></div></div></div>



<div style="height:50px" aria-hidden="true" class="wp-block-spacer"></div>



<h2 class="wp-block-heading">Video</h2>



<figure class="wp-block-embed is-type-video is-provider-youtube wp-block-embed-youtube wp-embed-aspect-16-9 wp-has-aspect-ratio"><div class="wp-block-embed__wrapper">
<iframe loading="lazy" title="Otwarcie Pawilonu Józefa Czapskiego - spot" width="500" height="281" src="https://www.youtube.com/embed/YsVADODFUnU?feature=oembed" frameborder="0" allow="accelerometer; autoplay; clipboard-write; encrypted-media; gyroscope; picture-in-picture; web-share" referrerpolicy="strict-origin-when-cross-origin" allowfullscreen></iframe>
</div></figure>

<p>The biographical exhibition devoted to Józef Czapski (1896–1993) is a permanent part of the gallery of the Józef Czapski Pavilion, located in the garden of MNK branch &#8211; The Czapski.&nbsp; Józef Czapski was a painter, writer and art theorist, grandson of Emeryk Hutten-Czapski of the Leliwa coat of arms, and a great benefactor of the [&hellip;]</p>
